 3*t + 6, -8 = 5*x + 3*t + t. Suppose 6*o - 1421 - 157 = x. Is o prime?
True
Suppose 0 = 18*v + 27*v - 117405. Let u = v + 1712. Is u a prime number?
False
Let f(w) = -19*w**2 + 12*w - 18. Let u be f(2). Is (-280)/u - (-3628 - (0 + -1)) a composite number?
False
Let h be (1 - 2)*((6 - 9) + 8). Is (7 + 14312/(-10))*h a composite number?
False
Let j = 409 - -2341. Suppose -15*f + 11065 + j = 0. Is f a prime number?
False
Suppose 13*f - 299096 - 32495 = 0. Is f composite?
True
Suppose -39 = -4*m - 27. Suppose 9 = m*j - 33. Let q = -10 + j. Is q composite?
True
Let a(j) = -j**3 - 6*j**2 + 4*j + 16. Let r be a(-6). Let m be (r - 4)/((-118)/(-56) + -2). Is 14/m - (-1 + (-6050)/16) composite?
False
Suppose 42*r = 32*r - 23090. Let p = -1402 - r. Is p a composite number?
False
Suppose -i = -2*i + 27538. Suppose -59 + 91 = 17*w - 308. Suppose 16042 = w*o - i. Is o a composite number?
False
Suppose 0 = 2*c + x - 11, 10*c = 9*c + 5*x - 11. Suppose -c*k + 2*k + 4922 = 0. Is k a prime number?
False
Let a = 485 + 1172. Is a composite?
False
Suppose 0 = -181*h + 90*h + 1047137. Is h a prime number?
False
Suppose 0 = -0*d + 2*d - 4*b + 12, -5*b + 20 = 0. Suppose 5*q - 3815 = 5*j, 3*q - 10 = q. Is (d + (-36)/8)/1*j prime?
False
Let l(q) = 4*q**2 + 5*q + 4. Let b be l(-1). Let c = 27 - b. Suppose c*s = 7*s + 10387. Is s a prime number?
False
Suppose 9*k - 8 - 10 = 0. Suppose -k*t + 1918 = 5*i, 4*i + 4795 = 5*t + 2*i. Is t a composite number?
True
Let n be -4 + 102655/(-20)*8/(-2). Suppose 2*o - 20539 = -o + 4*q, -q - n = -3*o. Is o a prime number?
True
Let d = -164575 + 308448. Is d composite?
False
Suppose 5*a = -5*d + 1162460, 145*d + 232495 = a + 147*d. Is a prime?
False
Let x(a) = -100*a - 12. Let w be x(-9). Let p = w - 1449. Let o = 890 + p. Is o a composite number?
True
Suppose 2*v = -2*z + 24 + 20, -3*v + 84 = 4*z. Suppose 2234 = 3*t - 6481. Suppose 0 = -z*y + 13*y + t. Is y a composite number?
True
Let a(d) = 3*d - 6766*d**2 - 2*d**3 + 6794*d**2 - 29 - 5*d. Is a(-10) a composite number?
True
Let j(p) = 227*p**2 - 230*p**2 - p + 3*p - 2. Let i be j(1). Is (-1 - i)/(-2) - -584 a composite number?
True
Let z(t) = -t**2 + 8*t - 15. Let x be z(5). Suppose x = -3*b - 5*p - 6091 + 21152, 2*b - 3*p = 10066. Is b a composite number?
True
Let d = -23052 + 53449. Is d prime?
False
Let g be (24/(-18) + 0)/((-2)/30378). Suppose 4*z + 5*k + 11237 = -9015, -4*z - 4*k = g. Let o = -1354 - z. Is o prime?
True
Let m = -231699 + 343520. Is m a prime number?
True
Let r(m) = -6632*m - 8543. Is r(-35) a composite number?
False
Suppose t + 91 = 77. Is 1748 + 2*t/4 prime?
True
Suppose -4*o = -0*o - l + 63, o + 6 = -3*l. Let d be -1 + 643 + 3*5/o. Suppose -5*b + 3205 = m, 4*m + d = b + 2*m. Is b a composite number?
False
Is ((-1192350)/(-100))/((-2)/(-8)*6) prime?
True
Let w(p) = 124*p - 248. Let r be w(-10). Let j = -521 - r. Is j a prime number?
True
Let s = -4 - -4. Let r be ((-332)/(-10))/(210/2625). Suppose s = 75*p - 70*p - r. Is p composite?
False
Let q = -49 + 55. Suppose 64 + 218 = q*z. Let a = z - -20. Is a prime?
True
Is ((-143)/(-12))/((-5)/(-16850)) - 56/336 a prime number?
False
Let c(m) = -184*m - 6. Suppose 14*n - 29 = 27. Let b(w) = -185*w - 5. Let z(p) = n*c(p) - 3*b(p). Is z(-8) prime?
True
Let s(h) = -237*h + 11. Let r be s(-1). Suppose 0 = y - 2*o + r - 1027, -4*y - 2*o + 3156 = 0. Is y composite?
False
Suppose -3*i + 23 = 2*y, 2*y - 3*i = -5*i + 18. Let t = -110 - -108. Is (-1031)/t - (y - (-7)/(-2)) composite?
True
Let m be -54 - (-2 - -2 - -6 - 3). Let i = -63 - m. Let x(q) = 24*q**2 - 7*q - 13. Is x(i) composite?
True
Let i(k) = -1722*k + 323. Is i(-15) a composite number?
False
Suppose -4*q = -4*t - 2*q + 452, -3*q - 567 = -5*t. Let c = 110 - t. Is (7295/10 + c)*2 composite?
True
Let k(z) = -65*z**2 + 6*z + 29 + 43*z**2 + 78*z**2. Is k(6) prime?
True
Let l be (-15)/(-15)*(1 + -3629). Let s = l - 2465. Let v = s - -8878. Is v composite?
True
Let x = 121373 - 49300. Is x prime?
True
Suppose -30*h + 25*h = 5*s - 1267045, -3*h + 760215 = -s. Is h a prime number?
False
Suppose w + 2*w - 5*j - 13494 = 0, -3*w + 3*j + 13488 = 0. Is w composite?
False
Let i(k) = 51*k**2 - 56*k - 335. Is i(22) composite?
False
Let f(x) = 4*x**2 - 35*x - 74. Let z = -348 - -321. Is f(z) a prime number?
False
Let h be -3 - ((-7074)/135)/(2/10). Let y = h + 898. Is y a composite number?
True
Let p(m) = -m**3 - 21*m**2 + 20*m - 42. Let b be p(-22). Let j be (9/b)/((-19)/38). Let u(y) = -17*y - 8. Is u(j) composite?
True
Suppose 0 = -16*t + 19*t - 4338. Let o = t - 877. Let q = -172 + o. Is q a composite number?
False
Suppose l + 67 = 70, 4*m = -5*l + 69043. Is m a composite number?
False
Let a be ((-67554)/(-8))/((-7)/(-28)). Let r = a + -18854. Is r a composite number?
False
Let y be 10/100 - (-3682)/(-20). Let z = -21 - y. Is z prime?
True
Let j(y) = -664*y**3 - 32*y**2 - 45*y - 71. Is j(-6) a composite number?
True
Suppose -24*v - 90 = -22*v - 2*o, 120 = -3*v - 2*o. Is (15 + 4186/v)/(2/(-87)) a composite number?
True
Let n(t) = t**3 + t**2 - 3*t - 6590. Let l be n(0). Let c = -2266 - l. Suppose -4*w + 6977 = 3*o - c, 5*o - 18827 = -4*w. Is o a composite number?
True
Suppose 3*u - 422106 = -5*k, 9*u = 7*u - 3*k + 281404. Is u composite?
True
Suppose -7 = -8*g + 9. Is g/(-3) - (-35886)/18 prime?
True
Let x = 1467571 + -814908. Is x a prime number?
False
Let f(y) = 1039*y**2 - 285*y + 1. Is f(7) prime?
False
Let a(d) = -25309*d + 108. Is a(-1) prime?
False
Suppose -2*i + 3*z - 18 = 5*z, 2*i + z + 15 = 0. Is 183/122*(-11516)/i a composite number?
False
Let b be 0 - (3/2)/((-4)/8). Suppose 2*n + 17 = t - 2*n, 0 = 2*t + b*n - 1. Suppose 2*l - 450 = -p, -t*l - 5*p + 569 = -566. Is l a composite number?
False
Let t(u) = 2181*u**2 - 9*u - 47. Suppose 38*b = 52*b + 56. Is t(b) a composite number?
True
Let v = -1726 + 3056. Let u = 463 + v. Is u composite?
True
Is (6 - 1) + (-1)/(-10 - -11) + 457795 a prime number?
True
Suppose 5*x = n - 19871, -5*n = x + x - 99193. Is n a prime number?
True
Let k(u) = -u**3 - 8*u**2 - 7*u - 20. Let t be k(-8). Let b = t - 161. Is (-3)/(6/(-4)) + (0 - b) prime?
True
Let u(w) = w**3 + 7*w**2 + 8*w + 14. Let q be u(-6). Suppose -d + 3*a = -73, 5*d - 60 = -3*a + 233. Let x = d - q. Is x composite?
False
Is (-27)/(486/4) + (-345148)/72*-46 a prime number?
True
Suppose -3*n + 6 = -5*w, -5*n = -3*w - 2*n - 6. Suppose w = -2*c + 6. Is c/2*(-5028)/(-18) a prime number?
True
Let w be 15/6*-6*3/(-3). Suppose -10*h = w*h - 23025. Is h prime?
False
Is 10744*4 - 11/((-22)/6) prime?
True
Let n(k) = 15*k + 169. Let a be n(42). Let h = a - 108. Is h a composite number?
False
Let o(q) = 9*q**3 + 2*q - 2. Let g be o(1). Let f be (g + -11)*(-555 - 1). Let h = f + -315. Is h prime?
True
Let a = 221 - 126. Suppose -3*p - 21 = -10*q + 7*q, 5*p + 19 = q. Suppose -2*k - a = -6*k - 5*y, 0 = -q*k + 4*y + 104. Is k composite?
True
Let o(w) = 1066*w**2 - w - 1. Let m = -150 - -148. Is o(m) prime?
False
Suppose 3179*y = 3158*y + 285873. Is y composite?
False
Let b(v) = -v**2 + 22*v + 50. Let m be b(24). Suppose -5142 = -m*g + 4*o, 36*g - 40*g = -2*o - 10260. Is g a prime number?
False
Let t = 56 - 52. Suppose 4*m = -m + t*d - 12, -2*m = 4*d + 16. Is m/(-10) - 893/(-5) composite?
False
Suppose 3*d - 206985 - 205875 = -118161. Is d a composite number?
True
Suppose 20*s + 12 = -8. Is 35/(-35)*(s - 2250/1) a composite number?
False
Let v be (1/(-1))/(0 + (-4)/20). Suppose -5*w - 33 = -3*w + v*d, -4*w - d = 21. Is (-20220)/(-24) - ((-2)/w)/1 a composite number?
True
Is ((-4351460)/(-320)*1*-4)/(1/(-4)) a prime number?
True
Let r = -9482 + 16107. Let u = r + -1926. Is u prime?
False
Let w = 308622 - 738498. Is 4/14 - w/28 a prime number?
False
Let g be 311012/65 + 1/5. Let x = g - 1806. Is (2/(-6))/((-3)/x) composite?
False
Suppose 56614 = 70*l - 1628006. Let m be (-3)/(-12) - (-117)/12. Suppose -m*a - 8*a = -l. Is a composite?
True
Let u be ((-5540)/(-3))/(16/1080). Suppose 48*c - u = -45114. Is c a prime number?
True
Let q(m) = 75*m**3 - 10*m**2 - 7*m + 1. Is q(5) a composite number?
False
Let v(n) = 4*n + 12. Let u be v(-2). Let b be (-9)/2*u/(-6). Suppose 7*o - 1924 = b*o. Is o a prime number?
False
Suppose 0 = 35*r - 11417716 + 4423456. Is (-9)/(-15) + r/90 prime?
True
Let y = -1